11*m**2 + 117*m - 56. What is the remainder when l(-11) is divided by 21?
17
Suppose -4*k = -2*k + 124. Let n(w) = -8*w - 50. Let g be n(6). Let j = k - g. What is the remainder when 69 is divided by j?
33
Let b = -1 + 3. Suppose -13 = -b*s + 3. Calculate the remainder when 74 is divided by (0 - s/(-4)) + 19.
11
Let q(v) = v - 4*v**2 + 10 + 3*v - 12*v + 5*v**2. Let h be q(10). Suppose -5*n - h = -7*n. What is the remainder when n is divided by 10?
5
Let b = -11574 - -11594. Calculate the remainder when 158 is divided by b.
18
Let u(p) = -p + 58. Let q be 4/1 - (-4 - (13 - 0)). What is the remainder when u(q) is divided by (-5)/25 + (-52)/(-10)?
2
Suppose -4*c = 3*x - 108, 3*x - 108 = c + 4*c. Suppose x*n = 37*n - 24. Let o = 29 - n. Calculate the remainder when o is divided by 3.
2
Suppose -352 = g - 555. Suppose -j - 3 = 5*k, -2*j - 4*k = 9 - 3. What is the remainder when 2 is divided by 4/j + g/87?
0
Let r(z) = 248*z - 380. What is the remainder when 344 is divided by r(2)?
112
Let t(k) = 3*k**2 - 10*k + 61. Let i be t(-19). Suppose 0 = -32*a + 3*a + i. What is the remainder when a is divided by 4?
2
Suppose 67*h + 5*h + 1534 = 3982. Calculate the remainder when 576 is divided by h.
32
Let y(i) = -2*i - 40. Let r be y(0). Let z = -20 - r. Suppose 55*v + z = 60*v. What is the remainder when v is divided by 3?
1
Let m(l) be the third derivative of l**4/2 + 3*l**3 - 133*l**2. Suppose g - 54 = v, -50 = 5*g - 2*v - 317. Calculate the remainder when g is divided by m(1).
23
Suppose 11*n - 218 = -4*n + 82. Calculate the remainder when 40 is divided by n.
0
Let a(q) = 43*q**2 + 1. Let u = 68671 + -68656. What is the remainder when a(-1) is divided by u?
14
Calculate the remainder when -2*(-5 + (-588)/24) is divided by 123/4 - 2/(-8).
28
Suppose -7*f = -6*f + 34. Suppose 0*j + 260 = 5*r + 3*j, 5*r + 5*j = 270. What is the remainder when r is divided by 3*(-1)/6*f?
15
Suppose -312*n + 83*n - 12403 = -43318. Calculate the remainder when 272 is divided by n.
2
Suppose -72*b - 104 + 1669 = 53. Calculate the remainder when 1972 is divided by b.
19
Let x = 76 - 71. Let s be 5/(-1)*3/x. Let i = 6 - s. What is the remainder when 34 is divided by i?
7
Let z(v) = -62*v - 5. Let y(d) = -312*d + 328. What is the remainder when z(-6) is divided by y(1)?
15
Let y = 91 - 61. Let q(c) = c**3 - 4*c**2 - 17*c + 89. Calculate the remainder when q(7) is divided by y.
27
Let i(p) = -44*p - 70. Suppose 4*b + 16 = 2*k, -8 - 16 = 2*k + 4*b. Calculate the remainder when 790 is divided by i(k).
16
Let g = -50 + 223. Suppose 5*w - 5*d = -455, -5*w - d - 208 = 247. Let u = g + w. What is the remainder when u is divided by 21?
19
Let i be 114 + (1 - (-4)/(-4)) + 4. Suppose 5*m = 4*r - i, -4*r = r - 5*m - 145. What is the remainder when r is divided by 16?
11
Suppose 2*a + 4*q - 15244 = 0, -4*a + 11370 = q - 19076. What is the remainder when a is divided by 59?
58
Let t(k) = -4*k**2 - 32*k + 5. Let d be t(-8). Suppose -y + r + 8 = 0, 0 = -y + 2*y + 2*r - d. Calculate the remainder when 145 is divided by y.
5
Let r(b) = -159*b - 2936. Calculate the remainder when r(-24) is divided by 175.
5
What is the remainder when ((-26)/26)/(8/(-3912)) is divided by 95?
14
Let t(d) = 3*d**2 + d. Let l(u) = u**2 + 4*u - 8. Let f be l(-5). What is the remainder when 213 is divided by t(f)?
21
Let u(z) = -z**3 - 12*z**2 - 6*z + 15. Let i be u(-10). Let b = i + 146. Calculate the remainder when b is divided by 2.
1
Suppose -5*p + 23*t - 26*t = -5227, -2093 = -2*p + t. Calculate the remainder when p is divided by 13.
6
What is the remainder when 4*47785/(-456)*-6 is divided by 36?
31
Suppose -4*b - 37 = -c, -4*c + b + 176 = 2*c. Let i = -51 - -338. Calculate the remainder when i is divided by c.
26
Suppose 3*x - 15 = 0, -n = -2*x - 2 - 3. Suppose -1072 = -n*y + 7*y. Calculate the remainder when y is divided by 73.
61
Suppose 17*z - 823 = 537. Suppose -4*b - z = -4*l, -b = -2*l - 2*b + 46. Calculate the remainder when 83 is divided by l.
17
Let y = 51 + -17. What is the remainder when (-4)/(-11) - (-185293)/1397 is divided by y?
31
Suppose -5*w + 2*h + 40 = 0, 3*h - 2*h = -3*w + 24. Suppose 5*g - 140 = 9*y - 4*y, 0 = -4*g - 4*y + 120. What is the remainder when g is divided by w?
5
Suppose -24*s = 3*r - 25*s - 57, 2*r = -s + 28. What is the remainder when 634 is divided by r?
5
Let g(q) = 6*q**2 - 28*q + 26. Calculate the remainder when 411 is divided by g(1).
3
Let g be (351 - 1) + (8 - 7). Let z = -272 + g. What is the remainder when z is divided by 10?
9
Suppose 191 + 93 = 71*o. Suppose 2*b = -3*r + 872, -o*r - 5*b = -1280 + 122. What is the remainder when r is divided by 96?
4
Let h(p) = -p**2 + 6*p - 3. What is the remainder when 39 + -2 + -8 + 27 + -6 is divided by h(5)?
0
Suppose -t + 551 = 336*x - 334*x, -2*t + 825 = 3*x. Calculate the remainder when 1674 is divided by x.
12
Suppose 4753 = -13*c + 35706. Calculate the remainder when c is divided by 16.
13
Suppose -287 = 4*i - 47. Let f = i - -55. Calculate the remainder when 149 is divided by (-248)/f - (-18)/45.
49
Suppose 8*l = 4*l + 8. Suppose 0*v - 134 = -l*v. Suppose -n - 3*b = -v, -3*b = 2*n - 4*b - 106. Calculate the remainder when n is divided by 29.
26
Let f(i) = i**2 - 33*i - 166. Let t(v) = -18*v - 103. Let q be t(-8). Calculate the remainder when f(q) is divided by 33.
30
Let u = 1891 - 1856. Calculate the remainder when 3 - 3 - (5 + -175) is divided by u.
30
Suppose c - 2957 = -4*v - 521, -c + 2490 = -2*v. What is the remainder when c is divided by 48?
24
Suppose -3*c - 16*z + 14*z = -257, -5*z = -5*c + 370. Calculate the remainder when 268 is divided by c.
25
Let s(f) = -f**2 - 29*f - 72. Let a = -258 + 431. What is the remainder when a is divided by s(-26)?
5
Suppose 4*s + x - 2675 = 0, -3*s = -s - 3*x - 1355. Calculate the remainder when s is divided by 65.
20
Suppose -11*o = 1264 + 628. Let w = 175 + o. Suppose -v + 0 = -3. Calculate the remainder when v is divided by w.
0
Let o(n) = -n**3 + 5*n**2 - 2*n + 2. Let z be o(2). What is the remainder when 463 is divided by (21 - 6/(-12)*z) + 5?
29
Suppose -h + 5*b + 222 = 0, -4*h + 276*b = 274*b - 834. What is the remainder when h is divided by 30?
27
Suppose -3*q = -9*q + 24. Suppose 0 = -7*t + q*t + 6. Suppose 2*k + t*k - 47 = -5*j, -k + 14 = -j. What is the remainder when 34 is divided by k?
8
Calculate the remainder when 19/((-4)/(-3) - 1) is divided by (15 + -8 - (-48)/(-9))/(40/360).
12
What is the remainder when ((-210)/(-63))/((-10)/(-14010)) is divided by 292?
290
Suppose 99 = 3*w + d + 2*d, -2*w = 4*d - 66. Suppose f - w = -b, -2*b + 49 = f - 12. Calculate the remainder when b is divided by 10.
8
Let r be (39/2)/(48/288). Suppose -5*q - r = -177. Calculate the remainder when 95 is divided by q.
11
Suppose -168 = -3*r - 0*s - 2*s, -2*r - 5*s = -123. Let o(v) = -26*v - 98. What is the remainder when o(-14) is divided by r?
50
Suppose 1678 = 20*f + 98. Calculate the remainder when f is divided by 61.
18
Let u(r) = -r**3 - 13*r**2 - 3*r - 37. Let z be u(-13). Suppose -3*p = -2*f + 55, -13 = 4*f + z*p - 83. Calculate the remainder when 152 is divided by f.
12
Let u(i) = -86*i - 1988. Calculate the remainder when 1271 is divided by u(-26).
31
Suppose 16*m - 14*m = 4. Suppose 2 = m*g - a, 0 = -4*g + 6*g - 5*a + 6. Suppose -7 = -g*c + 5. What is the remainder when 22 is divided by c?
4
Suppose 83693 - 25001 + 25236 = 39*z. What is the remainder when z is divided by 53?
32
Suppose 0 = 3*y - 3*s - 42, -16*y + 12 = -15*y - 2*s. Calculate the remainder when 204 is divided by y.
12
Let w(h) = -30*h + 15. Let b be w(-4). Suppose -5*q + 2*q + b = 0. Let v = -31 + q. What is the remainder when v is divided by 5?
4
Let b(d) = 6*d**2 + 62*d - 917. What is the remainder when 1382 is divided by b(12)?
0
Suppose -o - 3 = -47. Suppose -8048*i + 8051*i = 36. Calculate the remainder when o is divided by i.
8
Suppose -2*k - 7*u = -2*u - 60, 2*k - 40 = 5*u. Suppose k = q + 22. Let c(h) = 5*h + 3. Calculate the remainder when c(3) is divided by q.
0
Suppose 0 = 10*g - 22 + 102. What is the remainder when (-662)/g + 4/16 - -1 is divided by 39?
6
Let w be (-6 + 4 + 7/3)*678. Let j = 258 - w. Suppose -2*i + 2*v = -320, -v - 519 = -4*i + 118. Calculate the remainder when i is divided by j.
31
Le